{"id":5235,"date":"2025-05-07T11:19:45","date_gmt":"2025-05-07T09:19:45","guid":{"rendered":"https:\/\/art-bijoux.com\/?post_type=product&#038;p=5235"},"modified":"2025-05-07T11:19:45","modified_gmt":"2025-05-07T09:19:45","slug":"bouclesoreilles-fusing-verre-upcycling","status":"publish","type":"product","link":"https:\/\/art-bijoux.com\/en\/boutique\/bouclesoreilles-fusing-verre-upcycling\/","title":{"rendered":"Boucles d&#8217;oreilles carr\u00e9es &#8211; \u00c9clats d&#8217;histoire"},"content":{"rendered":"<figure id=\"attachment_5236\" aria-describedby=\"caption-attachment-5236\" style=\"width: 151px\" class=\"wp-caption alignleft\"><img decoding=\"async\" class=\"size-medium wp-image-5236\" src=\"https:\/\/art-bijoux.com\/wp-content\/uploads\/2025\/05\/Boucles-fusing-eclats-rouge-et-blanc-151x300.jpg\" alt=\"Boucles fusing \u00e9clats rouge et blanc mont\u00e9 Tiffany\" width=\"151\" height=\"300\" srcset=\"https:\/\/art-bijoux.com\/wp-content\/uploads\/2025\/05\/Boucles-fusing-eclats-rouge-et-blanc-151x300.jpg 151w, https:\/\/art-bijoux.com\/wp-content\/uploads\/2025\/05\/Boucles-fusing-eclats-rouge-et-blanc-515x1024.jpg 515w, https:\/\/art-bijoux.com\/wp-content\/uploads\/2025\/05\/Boucles-fusing-eclats-rouge-et-blanc-768x1526.jpg 768w, https:\/\/art-bijoux.com\/wp-content\/uploads\/2025\/05\/Boucles-fusing-eclats-rouge-et-blanc-773x1536.jpg 773w, https:\/\/art-bijoux.com\/wp-content\/uploads\/2025\/05\/Boucles-fusing-eclats-rouge-et-blanc-600x1193.jpg 600w, https:\/\/art-bijoux.com\/wp-content\/uploads\/2025\/05\/Boucles-fusing-eclats-rouge-et-blanc.jpg 966w\" sizes=\"(max-width: 151px) 100vw, 151px\" \/><figcaption id=\"caption-attachment-5236\" class=\"wp-caption-text\">Boucles fusing \u00e9clats rouge et blanc mont\u00e9 Tiffany<\/figcaption><\/figure>\n<p class=\"\" data-start=\"231\" data-end=\"352\">Cette paire de boucles d\u2019oreilles carr\u00e9es est une pi\u00e8ce unique, n\u00e9e de l\u2019alchimie entre mati\u00e8re brute et geste artisanal.<\/p>\n<p class=\"\" data-start=\"354\" data-end=\"558\">\ud83c\udf3f <strong data-start=\"357\" data-end=\"368\">Origine<\/strong> : du verre r\u00e9cup\u00e9r\u00e9 sur une vitrine de magasin bris\u00e9e, que j\u2019ai soigneusement fondu avec de petits \u00e9clats rouge vif et blanc laiteux, comme des fragments de souvenirs fig\u00e9s dans la lumi\u00e8re.<\/p>\n<p class=\"\" data-start=\"560\" data-end=\"789\">\ud83d\udee0\ufe0f <strong data-start=\"564\" data-end=\"577\">Technique<\/strong> : chaque pi\u00e8ce a \u00e9t\u00e9 d\u00e9coup\u00e9e, meul\u00e9e, sertie de cuivre puis soud\u00e9e \u00e0 l\u2019\u00e9tain selon la m\u00e9thode Tiffany, avant d\u2019\u00eatre <strong data-start=\"695\" data-end=\"734\">patin\u00e9e \u00e0 la main en bronze vieilli<\/strong>, pour souligner les contrastes et donner du caract\u00e8re.<\/p>\n<p class=\"\" data-start=\"791\" data-end=\"912\">\u2728 <strong data-start=\"793\" data-end=\"805\">Finition<\/strong> : mont\u00e9es sur des crochets en m\u00e9tal argent\u00e9, elles allient douceur d\u2019usage et \u00e9clat singulier.<\/p>\n<p class=\"\" data-start=\"914\" data-end=\"1032\">Une cr\u00e9ation \u00e0 la fois discr\u00e8te et expressive, pour celles qui aiment porter des histoires plut\u00f4t que des accessoires.<\/p>\n","protected":false},"excerpt":{"rendered":"<p>Boucles d&#8217;oreilles uniques, carr\u00e9es, en verre r\u00e9cup\u00e9r\u00e9 sur lequel des \u00e9clats blanc et rouge ont \u00e9t\u00e9 fondus. Mont\u00e9 selon la technique Tiffany.<\/p>\n","protected":false},"featured_media":5236,"comment_status":"open","ping_status":"closed","template":"","meta":[],"product_brand":[],"product_cat":[50,51,269],"product_tag":[36,84,49,27],"class_list":{"0":"post-5235","1":"product","2":"type-product","3":"status-publish","4":"has-post-thumbnail","6":"product_cat-boucle-doreille-fusing","7":"product_cat-boucle-oreille-tiffany","8":"product_cat-bijoux-verre-recyclage","9":"product_tag-verre-abstrait","10":"product_tag-boucle-oreille","11":"product_tag-fusing-verre","12":"product_tag-tiffany-verre","13":"pa_bijou-boucle-oreille","15":"first","16":"instock","17":"purchasable","18":"product-type-simple"},"_links":{"self":[{"href":"https:\/\/art-bijoux.com\/en\/wp-json\/wp\/v2\/product\/5235","targetHints":{"allow":["GET"]}}],"collection":[{"href":"https:\/\/art-bijoux.com\/en\/wp-json\/wp\/v2\/product"}],"about":[{"href":"https:\/\/art-bijoux.com\/en\/wp-json\/wp\/v2\/types\/product"}],"replies":[{"embeddable":true,"href":"https:\/\/art-bijoux.com\/en\/wp-json\/wp\/v2\/comments?post=5235"}],"version-history":[{"count":0,"href":"https:\/\/art-bijoux.com\/en\/wp-json\/wp\/v2\/product\/5235\/revisions"}],"wp:featuredmedia":[{"embeddable":true,"href":"https:\/\/art-bijoux.com\/en\/wp-json\/wp\/v2\/media\/5236"}],"wp:attachment":[{"href":"https:\/\/art-bijoux.com\/en\/wp-json\/wp\/v2\/media?parent=5235"}],"wp:term":[{"taxonomy":"product_brand","embeddable":true,"href":"https:\/\/art-bijoux.com\/en\/wp-json\/wp\/v2\/product_brand?post=5235"},{"taxonomy":"product_cat","embeddable":true,"href":"https:\/\/art-bijoux.com\/en\/wp-json\/wp\/v2\/product_cat?post=5235"},{"taxonomy":"product_tag","embeddable":true,"href":"https:\/\/art-bijoux.com\/en\/wp-json\/wp\/v2\/product_tag?post=5235"}],"curies":[{"name":"wp","href":"https:\/\/api.w.org\/{rel}","templated":true}]}}

Boucles d&#8217;oreilles carrées &#8211; Éclats d&#8217;histoire

<figure id="attachment_5236" aria-describedby="caption-attachment-5236" style="width: 151px" class="wp-caption alignleft"><img decoding="async" class="size-medium wp-image-5236" src="https://art-bijoux.com/wp-content/uploads/2025/05/Boucles-fusing-eclats-rouge-et-blanc-151x300.jpg" alt="Boucles fusing éclats rouge et blanc monté Tiffany" width="151" height="300" srcset="https://art-bijoux.com/wp-content/uploads/2025/05/Boucles-fusing-eclats-rouge-et-blanc-151x300.jpg 151w, https://art-bijoux.com/wp-content/uploads/2025/05/Boucles-fusing-eclats-rouge-et-blanc-515x1024.jpg 515w, https://art-bijoux.com/wp-content/uploads/2025/05/Boucles-fusing-eclats-rouge-et-blanc-768x1526.jpg 768w, https://art-bijoux.com/wp-content/uploads/2025/05/Boucles-fusing-eclats-rouge-et-blanc-773x1536.jpg 773w, https://art-bijoux.com/wp-content/uploads/2025/05/Boucles-fusing-eclats-rouge-et-blanc-600x1193.jpg 600w, https://art-bijoux.com/wp-content/uploads/2025/05/Boucles-fusing-eclats-rouge-et-blanc.jpg 966w" sizes="(max-width: 151px) 100vw, 151px" /><figcaption id="caption-attachment-5236" class="wp-caption-text">Boucles fusing éclats rouge et blanc monté Tiffany</figcaption></figure>
<p class="" data-start="231" data-end="352">Cette paire de boucles d’oreilles carrées est une pièce unique, née de l’alchimie entre matière brute et geste artisanal.</p>
<p class="" data-start="354" data-end="558">🌿 <strong data-start="357" data-end="368">Origine</strong> : du verre récupéré sur une vitrine de magasin brisée, que j’ai soigneusement fondu avec de petits éclats rouge vif et blanc laiteux, comme des fragments de souvenirs figés dans la lumière.</p>
<p class="" data-start="560" data-end="789">🛠️ <strong data-start="564" data-end="577">Technique</strong> : chaque pièce a été découpée, meulée, sertie de cuivre puis soudée à l’étain selon la méthode Tiffany, avant d’être <strong data-start="695" data-end="734">patinée à la main en bronze vieilli</strong>, pour souligner les contrastes et donner du caractère.</p>
<p class="" data-start="791" data-end="912">✨ <strong data-start="793" data-end="805">Finition</strong> : montées sur des crochets en métal argenté, elles allient douceur d’usage et éclat singulier.</p>
<p class="" data-start="914" data-end="1032">Une création à la fois discrète et expressive, pour celles qui aiment porter des histoires plutôt que des accessoires.</p>

<p>Boucles d&#8217;oreilles uniques, carrées, en verre récupéré sur lequel des éclats blanc et rouge ont été fondus. Monté selon la technique Tiffany.</p>
